{"id":3848,"date":"2025-10-08T15:48:36","date_gmt":"2025-10-08T15:48:36","guid":{"rendered":"https:\/\/stage2424.com\/club\/product\/gs360-classic-sweat-unisexe-a-col-rond\/"},"modified":"2025-10-08T15:49:06","modified_gmt":"2025-10-08T15:49:06","slug":"gs360-classic-sweat-unisexe-a-col-rond","status":"publish","type":"product","link":"https:\/\/stage2424.com\/club\/product\/gs360-classic-sweat-unisexe-a-col-rond\/","title":{"rendered":"GS360 Classic &#8211; Sweat Unisexe \u00e0 Col Rond"},"content":{"rendered":"<p>Un sweat robuste et \u00e9pais pour vous garder au chaud pendant les mois les plus froids. Un pull pr\u00e9-r\u00e9tr\u00e9ci, de coupe classique, fabriqu\u00e9 avec du fil fil\u00e9 par jet d\u2019air pour une sensation de douceur.<\/p>\n<p>\u2022 50\u00a0% coton, 50\u00a0% polyester<br \/>\n\u2022 Coupe classique<br \/>\n\u2022 Col en tricot athl\u00e9tique 1\u00d71 avec \u00e9lasthanne<br \/>\n\u2022 Fil fil\u00e9 par jet d\u2019air avec une sensation douce<br \/>\n\u2022 Couture \u00e0 double aiguille sur le col, \u00e9paules, emmanchures et ourlet<\/p>\n<p>Avertissement\u00a0:<br \/>\n\u2022 En raison des propri\u00e9t\u00e9s du tissu, la variante de couleur blanche peut appara\u00eetre ivoire plut\u00f4t que blanc brillant.<br \/>\n\u2022 La variante de couleur orange peut r\u00e9v\u00e9ler de subtiles diff\u00e9rences de teintes orange en fonction de l\u2019\u00e9clairage.<\/p>\n","protected":false},"excerpt":{"rendered":"<p>Un sweat robuste et \u00e9pais pour vous garder au chaud pendant les mois les plus froids. Un pull pr\u00e9-r\u00e9tr\u00e9ci, de coupe classique, fabriqu\u00e9 avec du fil fil\u00e9 par jet d\u2019air pour une sensation de douceur. \u2022 50\u00a0% coton, 50\u00a0% polyester \u2022 Coupe classique \u2022 Col en tricot athl\u00e9tique 1\u00d71 avec \u00e9lasthanne \u2022 Fil fil\u00e9 par &hellip; <a href=\"https:\/\/stage2424.com\/club\/product\/gs360-classic-sweat-unisexe-a-col-rond\/\" class=\"more-link\">Poursuivre la lecture <span class=\"screen-reader-text\"> \u00ab\u00a0GS360 Classic &#8211; Sweat Unisexe \u00e0 Col Rond\u00a0\u00bb<\/span><\/a><\/p>\n","protected":false},"featured_media":3856,"comment_status":"open","ping_status":"closed","template":"","meta":{"_eb_attr":""},"product_brand":[],"product_cat":[36],"product_tag":[],"class_list":{"0":"post-3848","1":"product","2":"type-product","3":"status-publish","4":"has-post-thumbnail","6":"product_cat-hoodies","8":"first","9":"instock","10":"taxable","11":"shipping-taxable","12":"purchasable","13":"product-type-variable"},"jetpack_sharing_enabled":true,"_links":{"self":[{"href":"https:\/\/stage2424.com\/club\/wp-json\/wp\/v2\/product\/3848","targetHints":{"allow":["GET"]}}],"collection":[{"href":"https:\/\/stage2424.com\/club\/wp-json\/wp\/v2\/product"}],"about":[{"href":"https:\/\/stage2424.com\/club\/wp-json\/wp\/v2\/types\/product"}],"replies":[{"embeddable":true,"href":"https:\/\/stage2424.com\/club\/wp-json\/wp\/v2\/comments?post=3848"}],"wp:featuredmedia":[{"embeddable":true,"href":"https:\/\/stage2424.com\/club\/wp-json\/wp\/v2\/media\/3856"}],"wp:attachment":[{"href":"https:\/\/stage2424.com\/club\/wp-json\/wp\/v2\/media?parent=3848"}],"wp:term":[{"taxonomy":"product_brand","embeddable":true,"href":"https:\/\/stage2424.com\/club\/wp-json\/wp\/v2\/product_brand?post=3848"},{"taxonomy":"product_cat","embeddable":true,"href":"https:\/\/stage2424.com\/club\/wp-json\/wp\/v2\/product_cat?post=3848"},{"taxonomy":"product_tag","embeddable":true,"href":"https:\/\/stage2424.com\/club\/wp-json\/wp\/v2\/product_tag?post=3848"}],"curies":[{"name":"wp","href":"https:\/\/api.w.org\/{rel}","templated":true}]}}